 What is the greatest common factor of 10 and w?
5
Suppose 5*h = -2*h + 210. Suppose 7*o - h = 5*o. Calculate the greatest common divisor of 165 and o.
15
Suppose -3*z - z + 64 = 0. Suppose -2*n + 207 = -3*s, 2*s + 19 = 9. What is the highest common divisor of z and n?
16
Suppose 2*n + 389 = 5*y, y = -36*n + 32*n + 69. Let x(r) = r**2 - 5. Let i be x(4). Calculate the greatest common factor of i and y.
11
Suppose 11 = 2*v + 3*r - 7, -5*v = -3*r - 66. What is the greatest common divisor of 348 and v?
12
Let z = -85 + 60. Let u be (z/5)/((-4)/20). Calculate the highest common divisor of 175 and u.
25
Suppose -6*m + 224 - 152 = 0. Calculate the highest common divisor of 444 and m.
12
Suppose 0*s + 576 = 8*s. Let l be -1 + 0 + s/24. What is the highest common factor of 1 and l?
1
Suppose 41*v = 963 + 677. Calculate the greatest common divisor of 60 and v.
20
Suppose -7*s = -3*s - t - 212, -s - 4*t = -53. Suppose 0 = -3*g + 5*i + s, 3*g = 4*i + 38 + 11. What is the highest common divisor of 33 and g?
11
Let x = -207 + 228. Calculate the greatest common divisor of 75 and x.
3
Suppose 17 = -3*u - 31. Let o = u - -17. Calculate the highest common divisor of o and 5.
1
Let t = -147 - -371. What is the greatest common factor of 28 and t?
28
Suppose -r - 3*l + 135 = -0*r, 139 = r + l. Calculate the greatest common factor of r and 47.
47
Suppose -5*w - 1569 + 2019 = 0. Let j = 16 + 2. What is the highest common divisor of w and j?
18
Suppose -8*h + 60 = -20. Calculate the greatest common factor of 35 and h.
5
Suppose 114*j = 109*j + 150. What is the highest common factor of 10 and j?
10
Suppose -6*l + 68 = -22. Suppose 39 = 2*y - l. What is the highest common factor of y and 135?
27
Suppose 5*n = 30 + 10. Let u be 99/3 - (n - 5). Calculate the highest common divisor of 10 and u.
10
Suppose 174*v - 972 = 147*v. Let g(h) = h**2 + 48. Let r be g(0). Calculate the greatest common factor of v and r.
12
Let d(r) = 9*r**2 + 1. Let x be d(-1). Suppose -x*v + 1161 = -v. Calculate the greatest common divisor of 43 and v.
43
Suppose 2*a = 78 + 42. Suppose 3*o - a = -3*y, 3*o + 8*y = 3*y + 66. Calculate the highest common factor of 17 and o.
17
Let t = 82 + -10. What is the greatest common factor of t and 32?
8
Let x be (35/(-28))/(3/(-108)). Suppose 3*r = -0*r - x. Let g(q) = q**2 + 12*q - 10. Let a be g(r). What is the highest common factor of 7 and a?
7
Let a be 1/1 + -1 + 37. Suppose 0 = 3*c - 97 + a. What is the highest common divisor of 50 and c?
10
Let j = -31 - -107. Let r = -46 - -4. Let c = r + j. Calculate the highest common factor of 85 and c.
17
Let u = -35 - -69. Let r be 6/(-33) - 1110/(-55). Let p = u - r. What is the highest common divisor of 21 and p?
7
Suppose -264 = -4*j - 4*r, -j - 3*r - 74 = -2*j. Calculate the greatest common factor of j and 51.
17
Let j be 198/42 + (-2)/(-7). Suppose -4*v + 1455 - 323 = -4*t, -4*v - 5*t + 1105 = 0. Suppose -3*m + v = 4*m. Calculate the highest common factor of j and m.
5
Let d be (220/(8/2) - 4) + 4. Calculate the greatest common divisor of d and 15.
5
Suppose 4*w = 5*g - 202, 3*w + 251 - 89 = 4*g. Let y = g + -29. What is the highest common factor of 39 and y?
13
Let d be -6*2*196/(-8). What is the highest common divisor of 12 and d?
6
Suppose -957 = -69*a + 699. Calculate the highest common factor of a and 1788.
12
Suppose -7*p - 374 = -10*p - h, -2*h = 2*p - 252. What is the highest common divisor of p and 31?
31
Suppose -4*l + 6*l = 12. Suppose 1097 = l*r - 157. Suppose m = 3*m - 38. What is the highest common factor of m and r?
19
Let g(k) = 8*k**2 + 30*k - 149. Let y be g(4). Calculate the highest common factor of 143 and y.
11
Let v(c) be the first derivative of 3*c**4/2 - 2*c**3/3 + c - 6. Let t be v(1). Suppose t*s = -0*s + 290. Calculate the highest common factor of s and 145.
29
Suppose 4*o + 991 = 1879. Calculate the greatest common divisor of 6 and o.
6
Let j(d) = d**2 + 5*d. Let q be j(-5). Suppose -7*m + 71 + 6 = q. What is the greatest common factor of 55 and m?
11
Let o = -52 - -64. Suppose a = -3*a + 80. Suppose b - 2*s = 24, 0 = -3*b + 2*s + a + 64. Calculate the highest common factor of o and b.
6
Suppose -2*a + 0*a = 6. Let u(n) = 0*n**2 + 472*n - 475*n + 6*n**2. Let l be u(a). What is the greatest common divisor of 9 and l?
9
Let v(n) = 2*n + 64. Let k be v(8). Let w(y) = 9*y - 1. Let r be w(1). Calculate the greatest common factor of r and k.
8
Suppose -170 + 250 = 8*d. What is the highest common factor of 14 and d?
2
Let c be (-12)/15 + (1 - 39/(-5)). Let l be 96/9*-1*-3. Let y = -12 + l. Calculate the highest common factor of c and y.
4
Let d be (-2)/4 + (-5)/(-2). Let w = d + 7. Let x be (-189)/14*(-8)/6. What is the highest common divisor of x and w?
9
Suppose p = j - 4, 2*p - 5*p = 0. Suppose 0 = 2*c - j*c + 6. Calculate the greatest common factor of 3 and c.
3
Let c(r) = 4*r**2 - 2*r - 18. Let j be c(-4). What is the greatest common factor of 234 and j?
18
Let p = -127 - -140. What is the highest common divisor of p and 65?
13
Let c(z) = 38*z**2 - 6*z - 3. Let x be c(-2). What is the highest common factor of x and 69?
23
Suppose -6*k + 149 + 85 = 0. What is the greatest common divisor of k and 143?
13
Suppose 3*c = h - 737, -4*c = -3*h + 5*h - 1504. Suppose 242 + h = 13*x. Calculate the greatest common divisor of x and 38.
38
Suppose 850 = 3*y + 2*y. Suppose -16*h + 13*h = -204. Calculate the highest common divisor of h and y.
34
Let a = -20 + 48. Let g be ((-366)/(-4))/(21/a). Let r = g + -10. What is the greatest common factor of r and 14?
14
Suppose 11*s + 195 = 965. Let n(a) = -2*a**3 - 21*a**2 + 11*a + 14. Let f be n(-11). Calculate the highest common factor of s and f.
14
Let t be 313/(-5) - (-4)/(-10). Let m = t + 91. Let h be (56*2)/(85/170). What is the highest common factor of m and h?
28
Let s be 114 + -6 + 0 + 6. Calculate the highest common factor of s and 76.
38
Let r = 685 + -415. Calculate the greatest common factor of 594 and r.
54
Let w(g) = g**2 - 3*g - 238. Let c be w(-16). Let s(j) = j**2 - j + 3. Let f be s(-5). What is the greatest common factor of f and c?
33
Suppose 846 - 696 = 5*m. Suppose -a - 3*r + 78 = 0, 2*a - 3*r = 151 - 4. Calculate the highest common factor of a and m.
15
Let g = 1998 - 1958. What is the highest common divisor of 250 and g?
10
Let x be -2 + (0/2 - -4). Suppose 21 = -x*u + 5*u. Suppose u = d - 5. What is the highest common divisor of 4 and d?
4
Let z = -185 - -275. Calculate the greatest common factor of z and 30.
30
Suppose -120 = -26*d + 11*d. Calculate the greatest common factor of d and 88.
8
Suppose 4*x = -4*f + 692, 3*f + x + 141 = 656. Suppose 5*k - 86 - 199 = 0. Calculate the greatest common factor of k and f.
57
Suppose 4*c + 3*v - 457 = -2*v, -117 = -c - 4*v. Let q be 200/(-32) + (-3)/4. Let j = c - q. What is the highest common divisor of 24 and j?
24
Let d = 8 + -4. Suppose -d*j - j + 400 = 0. Let m be (-27)/18*j/(-6). What is the greatest common factor of m and 50?
10
Let j = -189 + 300. What is the highest common factor of 37 and j?
37
Let m be (38/(-6))/((-15)/(-8 + 233)). What is the greatest common factor of 5 and m?
5
Suppose -3*b = -7*b. Suppose b = 5*a - 0*a - 145. Let f(u) = -49*u - 2. Let y be f(-3). What is the greatest common factor of a and y?
29
Let j = 106 - 73. Suppose -b - 2 + j = 0. Let q = b + -27. What is the greatest common factor of q and 20?
4
Let g be 28 - (1 + 0 + 1). Suppose -3*k - 5*i + 8 = 0, -2 = -4*i + 5*i. Let x be (-8)/(-12) + 386/k. What is the greatest common divisor of g and x?
13
Let h = -25 + 29. Suppose -v + 1 = h*u - 25, -v - 22 = -4*u. What is the highest common factor of 2 and u?
2
Let b be (1 - (-188)/(-12))*18/(-4). Calculate the greatest common factor of 176 and b.
22
Suppose 33*b - 787 = 665. What is the greatest common divisor of b and 2684?
44
Suppose 4 = h, 5*y + 2*h - 4*h - 17 = 0. Let s(q) = -3 - q**2 + 0*q**2 - 2*q - q + 2*q**2. Let o be s(6). Calculate the highest common factor of y and o.
5
Let j = -28 - -22. Let s(r) = -11*r - 18. Let a be s(j). Calculate the highest common factor of 6 and a.
6
Let y(i) = -4*i + 30. Suppose 7 + 8 = -b. Let j be y(b). Suppose -185 = -5*p + 5*u, -p - 5*u + 12 = -19. What is the greatest common factor of j and p?
18
Let n = -49 + 40.